1111 - 120221?
-202102
In base 4, what is -130111 - 123?
-130300
In base 6, what is -45 - -542?
453
In base 15, what is 698ae + -6?
698a8
In base 6, what is 1013311 - -2?
1013313
In base 12, what is 7905 - 2?
7903
In base 15, what is 1a27a + 1?
1a27b
In base 11, what is 59 + -75?
-17
In base 8, what is 63 + -4543?
-4460
In base 13, what is 790 - -199?
959
In base 9, what is 861 + -35?
825
In base 6, what is 50021441 + 4?
50021445
In base 11, what is -2a6144 - -2?
-2a6142
In base 10, what is 12 + -3640?
-3628
In base 13, what is 12 + -43b8?
-43a6
In base 13, what is 1 + 1361c?
13620
In base 7, what is 10621524 + 2?
10621526
In base 8, what is 141 + 145?
306
In base 3, what is -1112110 - -11202?
-1100201
In base 7, what is -14256 - 6?
-14265
In base 15, what is 0 + 34d97?
34d97
In base 16, what is -4a0f8 + -3?
-4a0fb
In base 2, what is -10110001100011000 + 100?
-10110001100010100
In base 4, what is -1323032212 + -1?
-1323032213
In base 12, what is 4 - -47183?
47187
In base 12, what is -28 + 615?
5a9
In base 14, what is -a160 - 9d?
-a21d
In base 8, what is 23306 + 1011?
24317
In base 5, what is 100 + 244421?
300021
In base 2, what is -11011011 - -10001101000001?
10001001100110
In base 15, what is 1 - 10311?
-10310
In base 13, what is -30946 + 8?
-3093b
In base 8, what is -4 + 114104?
114100
In base 3, what is -122102011 + -1?
-122102012
In base 6, what is -1432125 + -21?
-1432150
In base 15, what is 9 + 8d6b?
8d75
In base 14, what is -17 - -7a80?
7a67
In base 11, what is -2 - 4a804?
-4a806
In base 6, what is 525 - -230?
1155
In base 8, what is 204 + 3563?
3767
In base 8, what is 244 - -141?
405
In base 16, what is 259 + -394?
-13b
In base 6, what is 5 + 10253324?
10253333
In base 10, what is 4 + 199456?
199460
In base 3, what is 0 - -11111110212?
11111110212
In base 11, what is 13870 - -8?
13878
In base 7, what is -424 - -15?
-406
In base 11, what is 3 - 325114?
-325111
In base 15, what is -1631 + -2e?
-1660
In base 5, what is -34 - -100433?
100344
In base 16, what is -2b0 - -44?
-26c
In base 14, what is -2 - -37c1?
37bd
In base 14, what is -cb + -1065?
-1152
In base 7, what is 646566 + -2?
646564
In base 3, what is 101210200121 + -11?
101210200110
In base 3, what is -1 + 12100001000?
12100000222
In base 3, what is 2 - -1000011202120?
1000011202122
In base 13, what is -11c + -817?
-936
In base 5, what is 1204 + 2302110?
2303314
In base 8, what is 1627 - 131?
1476
In base 10, what is 139 + -607?
-468
In base 12, what is 4 + -7b1b?
-7b17
In base 13, what is 10 - 7b4?
-7a4
In base 13, what is 287 - 4?
283
In base 15, what is -d72 + -1c?
-d8e
In base 8, what is 47 - -364?
433
In base 12, what is -2aba + 5b?
-2a5b
In base 16, what is 6 - ba80?
-ba7a
In base 13, what is 315 + -23a?
a8
In base 11, what is -52077 + -1?
-52078
In base 11, what is -237 - -415?
189
In base 9, what is 22 + 42335?
42357
In base 3, what is 11221 - -2122012?
2211010
In base 5, what is -3 - 3234301?
-3234304
In base 3, what is -112020010 + -211?
-112020221
In base 13, what is 1 - -b938?
b939
In base 13, what is -145 - -48c?
347
In base 12, what is -40 - 55b61?
-55ba1
In base 7, what is 1066040 + 2?
1066042
In base 13, what is -2c817c + 0?
-2c817c
In base 12, what is -12 + 6080?
606a
In base 4, what is -101233 + -2333?
-110232
In base 7, what is 0 + 20356?
20356
In base 6, what is -420032 - -53?
-415535
In base 4, what is -11101121300 + -1?
-11101121301
In base 13, what is -2 - -10a18?
10a16
In base 15, what is -764 - -7?
-75c
In base 12, what is -8 + -11657?
-11663
In base 3, what is 2101001000012 - -1?
2101001000020
In base 12, what is 13 + -6b47b?
-6b468
In base 12, what is 293545 + 1?
293546
In base 14, what is -7b4c + -b?
-7b59
In base 6, what is 1 - -52433?
52434
In base 13, what is 4 - -29119?
29120
In base 16, what is 1 - 3fe1f?
-3fe1e
In base 14, what is -86 - -12d?
87
In base 4, what is 3 - -3210320?
3210323
In base 2, what is -11110111000 - -111011?
-11101111101
In base 10, what is -49 - -51494?
51445
In base 15, what is 3a7 + -29?
37d
In base 6, what is 5114 - -104?
5222
In base 11, what is -442730 + 4?
-442727
In base 2, what is -10111111101 + -111010010?
-11111001111
In base 15, what is 18aeb - -2?
18aed
In base 11, what is -1aa85 - -3?
-1aa82
In base 6, what is -132 + 1040331?
1040155
In base 8, what is -11162 - 3?
-11165
In base 8, what is 10 - -1437?
1447
In base 4, what is -2220220 + -11132?
-2232012
In base 6, what is -103353440 - -3?
-103353433
In base 2, what is -10101001110001100001 + 10?
-10101001110001011111
In base 13, what is 85 - 260?
-1a8
In base 8, what is 22207 + -4?
22203
In base 11, what is 2 - -12638?
1263a
In base 4, what is 10 + 122333322?
122333332
In base 16, what is d8f + 98?
e27
In base 5, what is -22200 + -112?
-22312
In base 13, what is -8a18 - -c1?
-8927
In base 16, what is 176da2 - -2?
176da4
In base 14, what is 477 - -7?
480
In base 15, what is 14aa68 - 3?
14aa65
In base 5, what is -3100 - 13?
-3113
In base 2, what is -1001111111000111001 - -101?
-1001111111000110100
In base 13, what is -14624 + -5?
-14629
In base 10, what is -949 + 562?
-387
In base 7, what is 21243 - 5?
21235
In base 11, what is 25a2 - -14?
2606
In base 8, what is -42345 - 0?
-42345
In base 8, what is 30101 + -2?
30077
In base 3, what is 122 + 1022012212?
1022020111
In base 6, what is -2 + 254111?
254105
In base 4, what is 2102 + 1001200?
1003302
In base 6, what is 4 - -3243041?
3243045
In base 2, what is 10001 - -1011010011?
1011100100
In base 8, what is 5376 + -623?
4553
In base 9, what is 4440 + -166?
4263
In base 16, what is -49 - -a4c5?
a47c
In base 5, what is 3331 - 1333?
1443
In base 9, what is 5 - -12183?
12188
In base 11, what is -9926 - -10?
-9916
In base 3, what is -12212110 - -202110?
-12010000
In base 11, what is 339 - 16?
323
In base 15, what is 3366 + -32?
3334
In base 8, what is 53537 + 0?
53537
In base 7, what is -5 + -123455?
-123463
In base 6, what is -1034451 - -4?
-1034443
In base 9, what is -132 + 3431?
3288
In base 5, what is -4204132122 - 3?
-4204132130
In base 6, what is 151114 - -14?
151132
In base 5, what is 4 - -1003210?
1003214
In base 3, what is -102222122212201 - 10?
-102222122212211
In base 16, what is 58ea2 - -2?
58ea4
In base 10, what is -10 - -2161?
2151
In base 4, what is -12120 - -212?
-11302
In base 6, what is -204 - 5143?
-5351
In base 3, what is -1 + 2101022120?
2101022112
In base 16, what is -153 + -78?
-1cb
In base 11, what is -454 + -1049?
-14a2
In base 15, what is -372 - 36?
-3a8
In base 10, what is -3 + 257492?
257489
In base 16, what is -1b6b11 + 2?
-1b6b0f
In base 8, what is 2 + 41370?
41372
In base 11, what is 5 - -5386?
5390
In base 14, what is 9c - -425?
4c3
In base 8, what is -6754 - -2?
-6752
In base 8, what is 725 + 72?
1017
In base 13, what is 2 - -40aa?
40ac
In base 14, what is 269 + -79?
1d0
In base 10, what is 152 - 8294?
-8142
In base 8, what is 47022 - -76?
47120
In base 6, what is -33012 + 4?
-33004
In base 11, what is 1 - -44a78?
44a79
In base 8, what is 3 + -102124?
-102121
In base 16, what is 1 + -7b79?
-7b78
In base 15, what is a3 - -1a?
bd
In base 9, what is 221522 - -7?
221530
In base 4, what is 10112 + 221?
10333
In base 11, what is 510a - 5?
5105
In base 3, what is -1 + -112221010?
-112221011
In base 16, what is 339f - -e?
33ad
In base 3, what is 2 - -222210?
222212
In base 13, what is -2 + 2798?
2796
In base 10, what is 5 - 373598?
-373593
In base 10, what is -36 + -1303?
-1339
In base 12, what is 46a85 - 3?
46a82
In base 13, what is 3 + 76107?
7610a
In base 12, what is -5 - -6b1694?
6b168b
In base 15, what is -8 - 3a49?
-3a52
In base 16, what is 7 - 3a7?
-3a0
In base 8, what is 1 + 1736?
1737
In base 8, what is 3 - -202060?
202063
In base 13, what is 1 + 426?
427
In base 11, what is 72 - 618?
-556
In base 16, what is -2 + 37a4?
37a2
In base 7, what is 26 - -1625?
1654
In base 5, what is 2040304 - -32?
2040341
In base 8, what is 1056353 + -5?
1056346
In base 7, what is -16 - 1112?
-1131
In base 7, what is 2215353 + 2?
2215355
In base 5, what is -113 - 222042?
-222210
In base 13, what is -74407 - -3?
-74404
In base 9, what is -48868 - -18?
-48850
In base 8, what is 4145 - -150?
4315
In base 8, what is -2563242 - -1?
-2563241
In base 14, what is 512c - 13?
5119
In base 5, what is 2 + -112223?
-112